01010111
In base 12, what is -179ab6 - -8?
-179aaa
In base 8, what is 0 + 1206?
1206
In base 16, what is 219b7a - -2?
219b7c
In base 5, what is 103432 + 2341?
111323
In base 3, what is -1122010022 - 1?
-1122010100
In base 16, what is 102f2 - 29?
102c9
In base 2, what is -111010110000010110101 + -11?
-111010110000010111000
In base 5, what is 1 + 1110433?
1110434
In base 16, what is 399da - -3?
399dd
In base 5, what is 10 + -112033?
-112023
In base 6, what is 0 - 214322?
-214322
In base 10, what is 5 + 1360538?
1360543
In base 4, what is -22 + 11010021?
11003333
In base 15, what is -31 - 2681?
-26b2
In base 10, what is 3 - -228877?
228880
In base 6, what is -2 - -311553?
311551
In base 3, what is 10121 + -100210002?
-100122111
In base 6, what is -31 + -24201?
-24232
In base 12, what is -2053 + 0?
-2053
In base 15, what is 4 + a545?
a549
In base 2, what is 11 + -100010110001010?
-100010110000111
In base 2, what is -11 + -100010000101110111?
-100010000101111010
In base 5, what is -4 + -14202002?
-14202011
In base 12, what is 198a + 23?
19b1
In base 3, what is 202212220 + 11?
202220001
In base 5, what is 411422424 + 2?
411422431
In base 11, what is -946 + 159?
-798
In base 7, what is 1104504 + 3?
1104510
In base 8, what is -644 - -1240?
374
In base 15, what is 3 - ad44?
-ad41
In base 2, what is 1000 + -100000100010111011?
-100000100010110011
In base 2, what is -11111 - 110100101101000?
-110100110000111
In base 15, what is -6 + 6490?
6489
In base 9, what is 2546261 + 2?
2546263
In base 9, what is 2056737 - -4?
2056742
In base 4, what is 11 - -1122?
1133
In base 11, what is 41 - -14a50?
14a91
In base 9, what is -40336 - 11?
-40347
In base 8, what is -3046537 + 1?
-3046536
In base 2, what is -100 - 1001001001010101?
-1001001001011001
In base 14, what is -254979 + 1?
-254978
In base 15, what is -57156 + 0?
-57156
In base 16, what is -2 - -1058d?
1058b
In base 8, what is -56 - -60541?
60463
In base 2, what is -101001011011 + 10000000?
-100111011011
In base 16, what is -402547 + -4?
-40254b
In base 16, what is 726f + -b?
7264
In base 7, what is 0 + -2464135?
-2464135
In base 6, what is -211 + -33105?
-33320
In base 9, what is -5 - 67814?
-67820
In base 16, what is -1 - -4ac2?
4ac1
In base 3, what is -2211002012 - -2001?
-2211000011
In base 4, what is -102021320 - -32?
-102021222
In base 10, what is -7714 - 8?
-7722
In base 9, what is -5 + -33060?
-33065
In base 9, what is -222 + 172?
-40
In base 8, what is 1756 + -6?
1750
In base 8, what is -735325 + -3?
-735330
In base 13, what is -129811 - 4?
-129815
In base 7, what is 3 - 2105133?
-2105130
In base 5, what is 0 + 1022133?
1022133
In base 2, what is -1101010100000 + 1000111111?
-1100001100001
In base 15, what is -88 - 6b7?
-750
In base 4, what is -1 + 203033?
203032
In base 15, what is 1 + 416c3?
416c4
In base 11, what is -5025 - 9?
-5033
In base 8, what is -31433 + -23?
-31456
In base 14, what is -31 - -ca?
99
In base 7, what is 10 + 243154?
243164
In base 10, what is 51213 + 0?
51213
In base 8, what is 14 - -15226?
15242
In base 5, what is -1112 - 1234?
-2401
In base 12, what is 9185 - -23?
91a8
In base 15, what is -64ed - 2?
-6500
In base 8, what is 3333 - -44?
3377
In base 11, what is -111 + -6032?
-6143
In base 4, what is -110323 + 1313?
-103010
In base 8, what is -16 + 5657?
5641
In base 7, what is 2 + 6642553?
6642555
In base 16, what is -1e - -fdfe?
fde0
In base 11, what is -8346a9 - -8?
-8346a1
In base 14, what is -6c - -165?
d7
In base 9, what is 386452 + -1?
386451
In base 6, what is 12 - 1521?
-1505
In base 11, what is -15621 - -1?
-15620
In base 7, what is 1334 + 3561?
5225
In base 15, what is 332 + 236?
568
In base 16, what is 11fa5 - -7?
11fac
In base 8, what is -167 + -735?
-1124
In base 14, what is -2 + -41424?
-41426
In base 12, what is 1313 - -77?
138a
In base 12, what is -6b9 - -30?
-689
In base 10, what is 2575 + 659?
3234
In base 14, what is -4420a6 - 2?
-4420a8
In base 16, what is -1ef + 232?
43
In base 15, what is 14c + 11d?
26a
In base 3, what is 2110212221 - 2200?
2110210021
In base 13, what is 4 + 8bb2?
8bb6
In base 10, what is 109989 - 1?
109988
In base 11, what is 0 + 109518?
109518
In base 5, what is 1440301 - -3?
1440304
In base 6, what is 22430 - -11?
22441
In base 13, what is -3 - 2879?
-287c
In base 6, what is -1 - 15412452?
-15412453
In base 13, what is -17716 + -1?
-17717
In base 11, what is -3 + 18285?
18282
In base 7, what is -2 - 5416663?
-5416665
In base 6, what is -1 - -550015?
550014
In base 15, what is 20 - 112eb?
-112cb
In base 8, what is 1505203 - -13?
1505216
In base 12, what is -692 + 31b0?
271a
In base 2, what is 100100110 + 1100010100?
10000111010
In base 9, what is 1 - 54845?
-54844
In base 3, what is -10001 - 1000002122?
-1000012200
In base 5, what is 240342 - 3?
240334
In base 8, what is -2105406 + -1?
-2105407
In base 3, what is 1001100212000 - 2?
1001100211221
In base 7, what is -4551 - 23?
-4604
In base 10, what is -53 + 3930?
3877
In base 3, what is 112 - -11020101220?
11020102102
In base 8, what is 121 - -12440?
12561
In base 11, what is 31893 + 6?
31899
In base 15, what is 2 - -99e4?
99e6
In base 2, what is -110101 + -110110110?
-111101011
In base 7, what is 15112 - 132?
14650
In base 14, what is 7 + -735?
-72c
In base 8, what is -77554 + 2?
-77552
In base 7, what is 6 + 4332020?
4332026
In base 6, what is -2 - -231310?
231304
In base 2, what is 110011110001010 + -11?
110011110000111
In base 12, what is 228 + 381?
5a9
In base 4, what is -2 - -1122130?
1122122
In base 4, what is -2100001210 + -2?
-2100001212
In base 16, what is -3a2 - -ef?
-2b3
In base 3, what is 11 - 12110022211?
-12110022200
In base 13, what is 47 - 803?
-789
In base 2, what is 1000 + -101011111100101000?
-101011111100100000
In base 10, what is 0 - 20743?
-20743
In base 10, what is -231910 - 5?
-231915
In base 3, what is 2112021 + -12111?
2022210
In base 15, what is -183 - 25?
-1a8
In base 11, what is -167935 - 1?
-167936
In base 9, what is 5 - 46876?
-46871
In base 11, what is -1088 - 168?
-1245
In base 9, what is 43 + 177?
231
In base 11, what is 7 - -2a8?
304
In base 3, what is 0 - 111122210?
-111122210
In base 7, what is 3116 - -310?
3426
In base 10, what is -124 + 2879?
2755
In base 15, what is -2 + -4712?
-4714
In base 9, what is -1571737 + -1?
-1571738
In base 4, what is 310202 - -13301?
330103
In base 5, what is -132 + 241333?
241201
In base 10, what is 110880 - -5?
110885
In base 10, what is -1130 + -94?
-1224
In base 3, what is 11012122 - -1122122?
12212021
In base 15, what is 1 - -59e8?
59e9
In base 10, what is -78297 - -5?
-78292
In base 2, what is 10000 - 101110010100111?
-101110010010111
In base 8, what is -666 - -220?
-446
In base 5, what is -10 + -12300421?
-12300431
In base 13, what is 3396 - -c?
33a5
In base 5, what is 100 - -130143?
130243
In base 14, what is -5 + -13a30?
-13a35
In base 15, what is -3841 + -2?
-3843
In base 9, what is -21 - -28452?
28431
In base 16, what is -349c - -6?
-3496
In base 13, what is 21 + 166?
187
In base 12, what is 3b9b - -7?
3ba6
In base 6, what is -33 - 1203045?
-1203122
In base 2, what is 1000101001110101010110 - 101?
1000101001110101010001
In base 5, what is -2 - 10413444?
-10414001
In base 2, what is 1011011 + 100111000?
110010011
In base 2, what is -101111101100101 - -10?
-101111101100011
In base 8, what is -73 + 20221?
20126
In base 12, what is 2 - 1288?
-1286
In base 12, what is -455 - 473?
-908
In base 15, what is -87 - 1511?
-1598
In base 16, what is 190fd + -2?
190fb
In base 16, what is -14f95 - 35?
-14fca
In base 16, what is -1683 + -1dd?
-1860
In base 2, what is -11010111100 + 100111?
-11010010101
In base 8, what is 43113 - -2?
43115
In base 11, what is -94 + 554?
470
In base 7, what is -12 + 21323?
21311
In base 4, what is -10 - 1312330?
-1313000
In base 6, what is -2 - 5411?
-5413
In base 2, what is 101 - 1000111000001001011?
-1000111000001000110
In base 16, what is -9bbc5 + 0?
-9bbc5
In base 10, what is 9475 - -11?
9486
In base 3, what is 10011 + 1220?
12001
In base 9, what is 3 + -122225?
-122222
In base 2, what is -110101010011010110 - 10?
-110101010011011000
In base 16, what is 34b - -36d?
6b8
In base 12, what is -125 + 5?
-120
In base 15, what is -4 - 1045?
-1049
In base 11, what is 16 - -10410?
10426
In b